[INFO] cloning repository https://github.com/NiteBlock/polinomial-recorder
[INFO] running `Command { std: "git" "-c" "credential.helper=" "-c" "credential.helper=/workspace/cargo-home/bin/git-credential-null" "clone" "--bare" "https://github.com/NiteBlock/polinomial-recorder" "/workspace/cache/git-repos/https%3A%2F%2Fgithub.com%2FNiteBlock%2Fpolinomial-recorder", kill_on_drop: false }`
[INFO] [stderr] Cloning into bare repository '/workspace/cache/git-repos/https%3A%2F%2Fgithub.com%2FNiteBlock%2Fpolinomial-recorder'...
[INFO] running `Command { std: "git" "rev-parse" "HEAD", kill_on_drop: false }`
[INFO] [stdout] 9d71ff4cd64770d1543036784ecc91fdc3d25255
[INFO] checking NiteBlock/polinomial-recorder against master#9610dfe5a9a731ced1ea4923ecbd0c57fe367898 for beta-170-4
[INFO] running `Command { std: "git" "clone" "/workspace/cache/git-repos/https%3A%2F%2Fgithub.com%2FNiteBlock%2Fpolinomial-recorder" "/workspace/builds/worker-3-tc1/source", kill_on_drop: false }`
[INFO] [stderr] Cloning into '/workspace/builds/worker-3-tc1/source'...
[INFO] [stderr] done.
[INFO] validating manifest of git repo https://github.com/NiteBlock/polinomial-recorder on toolchain 9610dfe5a9a731ced1ea4923ecbd0c57fe367898
[INFO] running `Command { std: CARGO_HOME="/workspace/cargo-home" RUSTUP_HOME="/workspace/rustup-home" "/workspace/cargo-home/bin/cargo" "+9610dfe5a9a731ced1ea4923ecbd0c57fe367898" "metadata" "--manifest-path" "Cargo.toml" "--no-deps", kill_on_drop: false }`
[INFO] started tweaking git repo https://github.com/NiteBlock/polinomial-recorder
[INFO] finished tweaking git repo https://github.com/NiteBlock/polinomial-recorder
[INFO] tweaked toml for git repo https://github.com/NiteBlock/polinomial-recorder written to /workspace/builds/worker-3-tc1/source/Cargo.toml
[INFO] crate git repo https://github.com/NiteBlock/polinomial-recorder already has a lockfile, it will not be regenerated
[INFO] running `Command { std: CARGO_HOME="/workspace/cargo-home" RUSTUP_HOME="/workspace/rustup-home" "/workspace/cargo-home/bin/cargo" "+9610dfe5a9a731ced1ea4923ecbd0c57fe367898" "fetch" "--manifest-path" "Cargo.toml", kill_on_drop: false }`
[INFO] [stderr]     Updating crates.io index
[INFO] [stderr]  Downloading crates ...
[INFO] [stderr]   Downloaded polyfit-rs v0.2.0
[INFO] [stderr]   Downloaded nalgebra v0.20.0
[INFO] running `Command { std: "docker" "create" "-v" "/var/lib/crater-agent-workspace/builds/worker-3-tc1/target:/opt/rustwide/target:rw,Z" "-v" "/var/lib/crater-agent-workspace/builds/worker-3-tc1/source:/opt/rustwide/workdir:ro,Z" "-v" "/var/lib/crater-agent-workspace/cargo-home:/opt/rustwide/cargo-home:ro,Z" "-v" "/var/lib/crater-agent-workspace/rustup-home:/opt/rustwide/rustup-home:ro,Z" "-e" "SOURCE_DIR=/opt/rustwide/workdir" "-e" "CARGO_TARGET_DIR=/opt/rustwide/target" "-e" "CARGO_HOME=/opt/rustwide/cargo-home" "-e" "RUSTUP_HOME=/opt/rustwide/rustup-home" "-w" "/opt/rustwide/workdir" "-m" "1610612736" "--user" "0:0" "--network" "none" "ghcr.io/rust-lang/crates-build-env/linux@sha256:19e73879b68f455e41552ea35293514db52ea292d993f571636dbffedb77a1ee" "/opt/rustwide/cargo-home/bin/cargo" "+9610dfe5a9a731ced1ea4923ecbd0c57fe367898" "metadata" "--no-deps" "--format-version=1", kill_on_drop: false }`
[INFO] [stdout] 00f0b1b9880f814ba38d21e08705a5191f42f58ea5f69bfb9e39daa501bc39cd
[INFO] running `Command { std: "docker" "start" "-a" "00f0b1b9880f814ba38d21e08705a5191f42f58ea5f69bfb9e39daa501bc39cd", kill_on_drop: false }`
[INFO] running `Command { std: "docker" "inspect" "00f0b1b9880f814ba38d21e08705a5191f42f58ea5f69bfb9e39daa501bc39cd", kill_on_drop: false }`
[INFO] running `Command { std: "docker" "rm" "-f" "00f0b1b9880f814ba38d21e08705a5191f42f58ea5f69bfb9e39daa501bc39cd", kill_on_drop: false }`
[INFO] [stdout] 00f0b1b9880f814ba38d21e08705a5191f42f58ea5f69bfb9e39daa501bc39cd
[INFO] running `Command { std: "docker" "create" "-v" "/var/lib/crater-agent-workspace/builds/worker-3-tc1/target:/opt/rustwide/target:rw,Z" "-v" "/var/lib/crater-agent-workspace/builds/worker-3-tc1/source:/opt/rustwide/workdir:ro,Z" "-v" "/var/lib/crater-agent-workspace/cargo-home:/opt/rustwide/cargo-home:ro,Z" "-v" "/var/lib/crater-agent-workspace/rustup-home:/opt/rustwide/rustup-home:ro,Z" "-e" "SOURCE_DIR=/opt/rustwide/workdir" "-e" "CARGO_TARGET_DIR=/opt/rustwide/target" "-e" "CARGO_INCREMENTAL=0" "-e" "RUST_BACKTRACE=full" "-e" "RUSTFLAGS=--cap-lints=forbid" "-e" "RUSTDOCFLAGS=--cap-lints=forbid" "-e" "CARGO_HOME=/opt/rustwide/cargo-home" "-e" "RUSTUP_HOME=/opt/rustwide/rustup-home" "-w" "/opt/rustwide/workdir" "-m" "1610612736" "--user" "0:0" "--network" "none" "ghcr.io/rust-lang/crates-build-env/linux@sha256:19e73879b68f455e41552ea35293514db52ea292d993f571636dbffedb77a1ee" "/opt/rustwide/cargo-home/bin/cargo" "+9610dfe5a9a731ced1ea4923ecbd0c57fe367898" "check" "--frozen" "--all" "--all-targets" "--message-format=json", kill_on_drop: false }`
[INFO] [stdout] cb614802afdbd9ba17cb61aa487f65ed77dc1fed16e3f4e94a7358586e77b23f
[INFO] running `Command { std: "docker" "start" "-a" "cb614802afdbd9ba17cb61aa487f65ed77dc1fed16e3f4e94a7358586e77b23f", kill_on_drop: false }`
[INFO] [stderr]    Compiling libc v0.2.121
[INFO] [stderr]    Compiling libm v0.2.2
[INFO] [stderr]    Compiling num-traits v0.2.14
[INFO] [stderr]    Compiling getrandom v0.1.16
[INFO] [stderr]    Compiling num-integer v0.1.44
[INFO] [stderr]    Compiling num-complex v0.2.4
[INFO] [stderr]     Checking ppv-lite86 v0.2.16
[INFO] [stderr]    Compiling typenum v1.15.0
[INFO] [stderr]    Compiling num-rational v0.2.4
[INFO] [stderr]     Checking rawpointer v0.2.1
[INFO] [stderr]    Compiling pkg-config v0.3.24
[INFO] [stderr]     Checking matrixmultiply v0.2.4
[INFO] [stderr]    Compiling enigo v0.0.14
[INFO] [stderr]     Checking rand_core v0.5.1
[INFO] [stderr]     Checking rand_chacha v0.2.2
[INFO] [stderr]     Checking generic-array v0.13.3
[INFO] [stderr]     Checking rand v0.7.3
[INFO] [stderr]     Checking approx v0.3.2
[INFO] [stderr]     Checking rand_distr v0.2.2
[INFO] [stderr]     Checking alga v0.9.3
[INFO] [stderr]     Checking nalgebra v0.20.0
[INFO] [stderr]     Checking polyfit-rs v0.2.0
[INFO] [stderr]     Checking math_ia v0.1.0 (/opt/rustwide/workdir)
[INFO] [stdout] error[E0599]: no function or associated item named `mouse_location` found for struct `Enigo` in the current scope
[INFO] [stdout]   --> src/main.rs:17:29
[INFO] [stdout]    |
[INFO] [stdout] 17 |     println!("{:?}", Enigo::mouse_location());
[INFO] [stdout]    |                             ^^^^^^^^^^^^^^ function or associated item not found in `Enigo`
[INFO] [stdout] 
[INFO] [stdout] 
[INFO] [stdout] error[E0599]: no function or associated item named `mouse_location` found for struct `Enigo` in the current scope
[INFO] [stdout]   --> src/main.rs:17:29
[INFO] [stdout]    |
[INFO] [stdout] 17 |     println!("{:?}", Enigo::mouse_location());
[INFO] [stdout]    |                             ^^^^^^^^^^^^^^ function or associated item not found in `Enigo`
[INFO] [stdout] 
[INFO] [stdout] 
[INFO] [stdout] error[E0599]: no function or associated item named `mouse_location` found for struct `Enigo` in the current scope
[INFO] [stdout]   --> src/main.rs:21:29
[INFO] [stdout]    |
[INFO] [stdout] 21 |         let (x, y) = Enigo::mouse_location();
[INFO] [stdout]    |                             ^^^^^^^^^^^^^^ function or associated item not found in `Enigo`
[INFO] [stdout] 
[INFO] [stdout] 
[INFO] [stdout] error[E0599]: no function or associated item named `mouse_location` found for struct `Enigo` in the current scope
[INFO] [stdout]   --> src/main.rs:21:29
[INFO] [stdout]    |
[INFO] [stdout] 21 |         let (x, y) = Enigo::mouse_location();
[INFO] [stdout]    |                             ^^^^^^^^^^^^^^ function or associated item not found in `Enigo`
[INFO] [stdout] 
[INFO] [stdout] 
[INFO] [stdout] error: aborting due to 2 previous errors
[INFO] [stdout] 
[INFO] [stdout] 
[INFO] [stdout] For more information about this error, try `rustc --explain E0599`.
[INFO] [stdout] 
[INFO] [stdout] error: aborting due to 2 previous errors
[INFO] [stdout] 
[INFO] [stdout] 
[INFO] [stdout] For more information about this error, try `rustc --explain E0599`.
[INFO] [stdout] 
[INFO] [stderr] error: could not compile `math_ia` (bin "math_ia" test) due to 3 previous errors
[INFO] [stderr] warning: build failed, waiting for other jobs to finish...
[INFO] [stderr] error: could not compile `math_ia` (bin "math_ia") due to 3 previous errors
[INFO] running `Command { std: "docker" "inspect" "cb614802afdbd9ba17cb61aa487f65ed77dc1fed16e3f4e94a7358586e77b23f", kill_on_drop: false }`
[INFO] running `Command { std: "docker" "rm" "-f" "cb614802afdbd9ba17cb61aa487f65ed77dc1fed16e3f4e94a7358586e77b23f", kill_on_drop: false }`
[INFO] [stdout] cb614802afdbd9ba17cb61aa487f65ed77dc1fed16e3f4e94a7358586e77b23f
